se -5*r - u = -188, 3 = -5*u - 7. Suppose 0*n - 4*k = 3*n - r, k - 42 = -4*n. What is the units digit of n?
0
Suppose -7*q + 17*q - 170 = 0. What is the units digit of q?
7
Suppose 3 = -3*n, -2 + 10 = 3*k + n. Suppose 2*v - 65 = 3*i, 2*i + 95 = 4*v + k*i. Suppose v = 5*y - c, y + 2*c - 16 = -0*c. What is the units digit of y?
6
Suppose 4*n + 150 = 1270. What is the units digit of n?
0
Suppose -4*v - 56 = 2*b, v + 3 = -1. Let d = -14 - b. What is the units digit of d?
6
Suppose 0 = -p + 5*z + 5 + 5, 0 = -4*z + 12. Suppose -v + 4*v - 3*x - 21 = 0, -3*v + 5*x = -p. What is the units digit of 2/v + (-39)/(-15)?
3
Suppose 3*o = 2*o + 8. Suppose w - 4*j + 4 = -o, -5*j + 41 = 2*w. Suppose 3*v = 2*v + w. What is the units digit of v?
8
Suppose 0 = 4*i - 14 - 146. What is the units digit of i?
0
Suppose -3*q - 323 = -2*l, 0 = 3*l + 2*q - 715 + 198. What is the units digit of l?
9
Let y be (-128)/(-14) + 4/(-28). Let u be 10/6 + 1/3. Suppose p - y = -o, -o = 6*p - u*p - 24. What is the units digit of p?
5
Suppose -14 = -2*a + a. What is the units digit of a?
4
Let x = -39 - -56. What is the tens digit of x?
1
Let q be 3 + 3/(9/(-6)). What is the units digit of q - (0/(-4))/(-1)?
1
Suppose -4*t + 279 = 2*l - 403, -5*l - t = -1723. What is the hundreds digit of l?
3
Suppose t + 0 - 2 = 0. What is the tens digit of 0 - t - (-16 - -2)?
1
Suppose 2*w = 9 + 15. Let g = w - -3. What is the tens digit of g?
1
Let a(l) = 4*l**2 - 7*l - 1. Let t(i) = i**2 - i. Let s(h) = -a(h) + 3*t(h). Let p be s(4). What is the units digit of (-6)/(-9) - p/(-3)?
1
What is the tens digit of (-237)/(-4) - (25/20 - 1)?
5
Let u = 6 - 11. Let y = u + 11. Suppose -5*r - y = -26. What is the units digit of r?
4
Suppose -26 = -4*z + 2*f, 3*z + 3*f - 37 + 13 = 0. Let r = z - 7. What is the units digit of 0 - (4 + r)/(-2)?
2
Suppose 20 = -3*m + 2. What is the units digit of (m/(-4))/((-4)/(-24))?
9
Let u = -7 + 10. Suppose -u*s = -0*s - 6. What is the units digit of 2/(s/1) - 0?
1
Suppose l + 6*l = 973. What is the units digit of l?
9
Suppose 0*o = 5*o - 2*g - 20, -o = 2*g - 4. Suppose 3*p - 14 = 5*d, -5*p + o*d + 22 = -10. What is the units digit of p?
8
Suppose 3*t + 40 = 133. Suppose 0 = -2*i - n + t, -3*i = -0*n - 3*n - 42. What is the units digit of (1 - -3)*i/12?
5
Let p = 50 - 47. What is the units digit of p?
3
Let z(a) = -2*a - 3. Let f be z(-3). Suppose -4*v = -f*v - 4. What is the units digit of v?
4
Let f = 14 + -10. Let q = f - -3. Suppose 5*j = -1 - 24, -4*j + q = 3*m. What is the units digit of m?
9
Let w(c) = -8 - 2*c - 8 + 6. Let v be w(-7). Let g = 12 - v. What is the units digit of g?
8
Let y = -1 + -1. What is the units digit of (1/y)/((-3)/78)?
3
Let v be ((-15)/(-4))/((-3)/12). Let k = v - -28. What is the units digit of k?
3
Suppose 0 = 4*w - 461 - 3. Let c be w/6*(-6)/(-4). Suppose -f = -4*s - 12, 6*f - c = 2*f - 3*s. What is the units digit of f?
8
Suppose -23 = -3*f + 19. What is the tens digit of f?
1
Let z(y) = y**3 + 4*y**2 + 2*y - 3. Let v be z(-3). Let c = 25 + v. What is the units digit of c?
5
Suppose -u = -2*b + 4*u + 61, 4*u = -3*b + 80. What is the tens digit of b?
2
Let w(s) = 4*s**2 - 6*s - 4. What is the units digit of w(-7)?
4
Suppose 0 = 3*f + l - 62, -4*f - 5*l + 16 = -52. Suppose -4*h - 2*s = -12, 0 = 5*h + s - 2*s - f. What is the units digit of h/18 + 140/18?
8
Let w be 2/12 - (-33)/18. Suppose 3*v - 20 = 2*v - 2*d, -46 = -w*v + 2*d. What is the units digit of v?
2
Suppose -158 = 4*u - 482. What is the tens digit of u?
8
Let b(t) = 9*t - 7. What is the units digit of b(7)?
6
Let l(q) = -4*q**3 + 5*q**2 - 2*q. Let c(s) = 0*s + 2*s**2 - s**3 + 0*s - s. Let n(i) = 7*c(i) - 2*l(i). What is the tens digit of n(-4)?
1
Suppose -5*x = 3*l - 28, 5*x + 0*l - 20 = -5*l. Suppose 3*h - x = 13. Let j = h - 4. What is the units digit of j?
3
Let c(l) = 8*l**2 + l. Let t(a) = a**2 - 11*a - 1. Let x be t(11). What is the units digit of c(x)?
7
Suppose -3*y - 37 = 5*f, 7*f - 3*f = -3*y - 32. What is the units digit of (28/f)/((-2)/5)?
4
Let y be (1 + 0/2)*3. Suppose -5*x - 7 - y = 0. What is the units digit of x/6 + 22/3?
7
Let k(o) = -3*o**3 + 2*o**2 + o. Suppose -4 - 4 = 2*q. Let m be (-6)/q*(-4)/6. What is the units digit of k(m)?
4
Let m(i) = -i + 11. Let r(y) = -y**3 - 3*y**2 + 2*y. Let c be r(-4). Let j be m(c). Suppose 33 + j = 4*b. What is the units digit of b?
9
Suppose 0 = 5*w, s + 4*s = 3*w - 25. What is the units digit of (-1 + -1)*s/10?
1
Let u be 2 + 0 + -5 + 0. Let t(n) be the first derivative of -3*n**2/2 + n + 4. What is the tens digit of t(u)?
1
Suppose -4*k + 7 + 13 = 3*w, w - 6 = -k. Suppose -k*r + 27 = -81. What is the tens digit of r?
5
What is the tens digit of 0 - (1*-44 - 3)?
4
Let s(a) = a + 2. Let b(u) = 2*u**2 - 5*u - 3. Let g be b(4). What is the units digit of s(g)?
1
Suppose -4*p + 59 = -3*u, -p + 6*p - 60 = u. Let o = p + -7. Suppose 2*f = o*f - 30. What is the units digit of f?
5
Suppose 9*x + 2 - 1496 = 0. What is the units digit of x?
6
Let p(y) = -y**3 + 7*y**2 - 5*y - 3. Let d be p(4). Suppose 2*g - 6*g + 8 = -4*h, 0 = -5*g - d. Let f = 13 + h. What is the units digit of f?
6
Let x(j) = j**3 - 4*j**2 + 2*j + 4. Let l be x(3). Suppose v - 4*b = -14, v + l + 7 = 2*b. What is the units digit of v/(-6)*12/4?
1
Let o(t) = -t**3 - 13*t**2 + 12*t - 3. What is the tens digit of o(-14)?
2
Suppose 9 = 3*l - 3, -3*g = -l - 77. What is the tens digit of g - -4 - (3 + -1)?
2
Let l be (-52)/6*45/(-6). Suppose -2*r = -4*j - 26, -4*j - 1 + l = 4*r. What is the tens digit of r?
1
Let s(w) = w**2 - 2*w - 1. Let u be s(3). Suppose -u*i - 4*r = -18, -3*i + r + r + 3 = 0. What is the units digit of (11*(-1 + i))/2?
1
Let i(p) = -152*p**3 + 2*p**2 + p. Let t be i(-1). Suppose 4*y + 37 = t. What is the tens digit of y?
2
Suppose 4*k + 4*f = 24, 0 = -3*k + k + 5*f - 2. Let s be (-2)/6 + (-26)/(-6). Suppose -2*j = -0*l - s*l - 16, -k*j + 48 = -4*l. What is the tens digit of j?
1
Suppose -4*i - 5*a + 792 = 0, 8*i - 5*i - 4*a = 563. What is the units digit of i?
3
Let q = -5 - -10. Suppose -52 - 33 = -q*i. What is the units digit of i?
7
Let a(v) = v**3 - 3*v + 3. Let d be a(2). Let c = d + -3. What is the units digit of -2 + 15/6*c?
3
What is the units digit of 67 - 5/(-1 + 6)?
6
Let w be 14*((-2)/(-4) + -1). Let x = -6 - w. What is the units digit of x?
1
Let q be (-4 - -2)/2*-2. Suppose -q*h + 6*h - 80 = 0. What is the units digit of h?
0
Let q = -43 + 50. What is the units digit of q?
7
Let q(d) = -11*d**3 + d**2 + d. Suppose 3*t + 0 + 3 = 0. Let m be q(t). Suppose z - 8 = -2*l, 0 = z + 5*l - 0 - m. What is the units digit of z?
6
Suppose -2*q = 8, 0 = -0*t - 4*t - 4*q + 140. What is the tens digit of t?
3
Let j(x) = -x**3 + 4*x**2 + 2*x - 3. Let n be j(4). Suppose n = r + 3. What is the units digit of r?
2
Let h = -115 - -175. Suppose -5*q + 7*k + 100 = 2*k, -3*k + h = 5*q. What is the units digit of q?
5
Let m(w) = -w**2 - w. Let l be m(-1). Suppose l = n + 4*n - 10. What is the units digit of n?
2
Let q be (-4 + -1)/(1/(-33)). Suppose -l + 3*x = -0*l - 33, 5*x - q = -5*l. What is the units digit of l?
3
Let o = -11 - -15. What is the units digit of -4*(-1)/o*11?
1
Suppose -4*c + 5*b = -535, -b - 135 = -4*c + 3*c. What is the units digit of c?
0
Suppose 0 = -w - w + 60. What is the tens digit of w?
3
Let g be (-32)/(-24)*6/4. Suppose 3*i - 4*c - 8 = 0, 0 = -2*i - g*c + c + 20. What is the units digit of i?
8
Suppose -5*n = -3*d + 402, 5*d - 5*n - 273 = 3*d. Let q = d + -91. What is the tens digit of q?
3
Let f be (1 - -2) + 21/(-3). What is the tens digit of (f + 1)*31/(-3)?
3
Suppose 4*m + 0*m = -4*w + 56, 2*w = 5*m - 91. What is the units digit of m?
7
Suppose 2*v + 2*v + 162 = -2*n, -4*n + 3*v = 291. Let f = n + 107. What is the units digit of f?
2
Let u(h) = -4*h - 1 - h + 3*h**2 - h**2. Let l = 11 + -7. What is the tens digit of u(l)?
1
Suppose -2*l - 1 = 5*o, -2*l = -2*o + 6*o. What is the units digit of l?
2
Let v be 2 + -1 + -1 - -3. Let p be (66/(-4))/v*2. Let k = 19 + p. What is the units digit of k?
8
What is the tens digit of (-3 - -2) + 13*4?
5
Let f(p) = p**3 - p + 38. Suppose 2*s - 3*s = 0. Let r be f(s). Suppose 5*m + 20 = 0, -m - 2*m = 5*o - r. What is the tens digit of o?
1
Let s(g) = -g**2 + 6*g + 8. What is the units dig